, 5
Suppose 2*o - 23 = 113. List the prime factors of o.
2, 17
Let g be (-122)/(-4) - (-3)/2. Suppose -g = -m - m. List the prime factors of m.
2
Let o(r) = -r + 11 + 2*r + 0*r. Let c be o(-6). Suppose -c*x = 4*s - s - 62, -1 = s. List the prime factors of x.
13
Let u be (-2)/(-3) - (-35)/15. Suppose 2*o + u = -o, 4*o = -r - 8. Let g = r - -7. What are the prime factors of g?
3
Let l(j) = -9*j - 53. List the prime factors of l(-13).
2
Let i(c) = -8 - c**2 + 3*c**3 - c - 5*c**3 + c**3 + 24. What are the prime factors of i(0)?
2
Let j(k) = k**3 + 10*k**2 + 9*k + 9. Let d be j(-9). Let p = d - -5. List the prime factors of p.
2, 7
Suppose -12 = 4*t, -3*o + 3*t + t = -786. List the prime factors of o.
2, 3, 43
Suppose -46 = -5*d + k, -5*d - 4*k - k + 70 = 0. Let w(x) = x**2 - 8*x - 10. Let b be w(d). Suppose 0*p + b = p. List the prime factors of p.
2, 5
Suppose 98 = 5*s - 3*v, -5*v - 46 = -3*s - 0. What are the prime factors of s?
2, 11
Let n = 69 - 41. List the prime factors of n.
2, 7
Let o = -9 - -11. Suppose o*a + 5*v + 108 = 5*a, 3*a + 3*v - 84 = 0. What are the prime factors of a?
31
Suppose -2*q - 4*z = -310, 0 = -0*q - 2*q - z + 325. What are the prime factors of q?
3, 5, 11
Let z(o) = 20*o + 1 - 2 - 5 + 3. List the prime factors of z(3).
3, 19
Suppose 3*w = 8 - 2. Suppose -9 = 6*t - 7*t + w*u, 5*t - u - 54 = 0. List the prime factors of t.
11
Suppose -213 = -2*c + p, -3*p + 225 = 4*c - 2*c. Suppose c = 4*w - w. List the prime factors of w.
2, 3
Let h(v) = v + 7. Let b(z) = 2*z + 15. Let i(a) = 4*b(a) - 10*h(a). What are the prime factors of i(-15)?
2, 5
Suppose 2*r - 123 - 262 = 5*c, -2*r + 378 = 2*c. Suppose h = 6*h - r. What are the prime factors of h?
2, 19
Let a = 36 + 7. Let b = a + -11. What are the prime factors of b?
2
Let u(w) = -w**2 - 7*w + 7. List the prime factors of u(-6).
13
Let w = 1 - 1. Let z = w - 1. List the prime factors of 4 + (0/3)/z.
2
Suppose -2*j - 4*t + 82 = 0, 0 = 3*t - 6*t - 6. List the prime factors of j.
3, 5
Suppose -3*g - 3 + 51 = 0. Suppose 12 = -3*s, b = s - 5*s - 14. Suppose g = 3*h - b. What are the prime factors of h?
2, 3
List the prime factors of ((-234)/(-45))/(2/10).
2, 13
Suppose -2*h + 2 = -u + h, 5*u + 5*h + 70 = 0. Let k be u/(-6) - (-2)/12. Suppose -k*g + 10 + 4 = 0. What are the prime factors of g?
7
Let u(c) = -c**3 - c**2 - 3*c - 2. Let y be u(-2). Let f(k) = -k + 13. What are the prime factors of f(y)?
5
Suppose -c - 5*r = 16 - 56, -232 = -4*c + 4*r. What are the prime factors of c?
5, 11
Let g = -19 + 181. List the prime factors of g.
2, 3
Let a = -61 + 141. List the prime factors of a.
2, 5
Suppose 9 = 3*p - 522. List the prime factors of p.
3, 59
Suppose 0 = -z - 1 - 6. Let s(i) = i**3 + 7*i**2 + 2. Let n be s(z). Suppose 2*q = 28 + n. List the prime factors of q.
3, 5
Suppose 31 = 5*b + 3*i, 4*b - 9 = -i + 13. Suppose 3*k - 9 = -b*p + 33, -p - 5*k = -26. List the prime factors of p.
2, 3
Let q(c) = -6*c - 9. Let y be q(-4). List the prime factors of (-6)/(-15) - (-384)/y.
2, 13
Suppose -4*q + 6*q = 12. What are the prime factors of (-68)/(-6) + q/9?
2, 3
Suppose -1 = 4*z - 3*v + 10, v = 1. Let w(t) = -14*t - 9. Let j(g) = -7*g - 4. Let c(s) = 5*j(s) - 2*w(s). What are the prime factors of c(z)?
2, 3
Let z be 2/3 + (-15)/9. Let r(w) = -14*w**3 + 2*w + 1. What are the prime factors of r(z)?
13
Let n(j) = 3*j + 9. List the prime factors of n(9).
2, 3
Let p(t) = t**3 + 5*t**2 - 8*t - 8. Let r be p(-6). Suppose 2*q = -4*i + 34, 0*i = -5*q + 5*i + 40. Suppose q = r*w - 9. List the prime factors of w.
5
Let m(i) = -101*i + 38. What are the prime factors of m(-3)?
11, 31
Let y = -9 - -6. Let j(z) = -2*z**2 - z + 3*z + 4*z**2. What are the prime factors of j(y)?
2, 3
Suppose 4*v - 2*v = 208. What are the prime factors of v?
2, 13
Let x be ((-3)/1)/1 + 6. Let a = 6 + x. What are the prime factors of a?
3
Let o(x) = x**2 - x + 3. Let u be o(3). Suppose -u = g + 1. List the prime factors of (2*-1)/(g/55).
11
Let m = 171 + -97. List the prime factors of m.
2, 37
Suppose u = 6*u + 210. Let y = -20 - u. What are the prime factors of y?
2, 11
Suppose -4*s - 4 - 1 = l, 5*s = -4*l - 9. List the prime factors of (2 + 0)/l - -7.
5
Suppose 2*d = -4*p + 100, -5*d + p + 211 = -2*p. Suppose 4*a - 3*c - d = 0, 3*a - 4*c - 22 = c. List the prime factors of a.
2, 7
Suppose 0 = -2*k + 339 + 139. What are the prime factors of k?
239
Let m(o) = o + 2. Suppose -2*s - s + 9 = 0. What are the prime factors of m(s)?
5
Suppose -3*f = -29 + 2. Suppose -f = -r - o, 5*r - 23 = o + 40. What are the prime factors of r?
2, 3
Let c(s) = -s**3 + 8*s**2 + 10*s - 12. Let f be c(9). Let q = f + 5. What are the prime factors of q?
2
Let h = -1 - -40. List the prime factors of h.
3, 13
Suppose 0 = 2*w - 13 + 5. Suppose v = 2*v + w*g + 5, 0 = -5*v - 4*g - 9. List the prime factors of 8/v*15/(-6).
2, 5
Let a(z) = z - 6. Let w be a(8). Suppose w*u - 2 = -16. Let m = u - -14. What are the prime factors of m?
7
Let g = 61 + -7. List the prime factors of g.
2, 3
Let b(k) = k**3 - k**2 + 4. Let c be b(0). Let f be (0/(-2))/(2 - c). Suppose -2*y + 7 + 11 = f. What are the prime factors of y?
3
Let y = 15 + -8. Suppose -d - 1 - 2 = 0. Let v = y + d. What are the prime factors of v?
2
Suppose 6*u - 531 + 27 = 0. What are the prime factors of u?
2, 3, 7
List the prime factors of (-4 + 157)/3 + 2.
53
Let r(m) = m**3 + 2*m**2 - 1. Suppose 5*p - 5 = 0, 3*p - 7 = 4*k - 0. Let u be r(k). Let c(t) = -t**2 + 6. What are the prime factors of c(u)?
2, 3
Suppose 48 = -v + 5*v. Suppose 0*t = -3*t - 2*u - v, 5*t = 4*u + 2. What are the prime factors of (-1 - 1/t)*-14?
7
Suppose -5*v + 0*v = 5, 5*a - 5*v - 15 = 0. List the prime factors of a/8 + 165/12.
2, 7
Suppose 3*h - 4 = -h. Let l be 2*(-3 - (-7)/2). Let n = h + l. List the prime factors of n.
2
Let v(o) = 9*o**2 - 7. What are the prime factors of v(3)?
2, 37
Suppose 75 = 5*o + k - 3*k, -3*o + 4*k = -59. Let s = o + -4. List the prime factors of s.
3
Suppose 0*i = 2*i - 6. Suppose 2 = -2*x + v + i*v, -4*x + 2 = -5*v. Suppose p - 4 = q + 6, -3*p + 6 = x*q. List the prime factors of p.
2, 3
Let c be 16/(-12)*6/(-4). Suppose 4*d = -c*z + 56, -5*d - 12 = -32. Suppose 3*x + 57 = 4*t + z, -4*x = 5*t - 54. What are the prime factors of t?
2, 5
Suppose 2*m + 2*q - 6 = 0, -2*q + 0 + 6 = -2*m. Let t = 0 - m. Suppose t = 2*n + n - 21. What are the prime factors of n?
7
Suppose 0*j = 2*j + 4. Let t be -3 - -1 - (-4 + j). Suppose -t*y + 5 = -11. What are the prime factors of y?
2
Let h(f) = -f**2 + 3*f + 13. Let p be h(9). Let y = 68 + p. List the prime factors of y.
3
Suppose 2*o = o. Let a = 2 - o. Let c = 2 + a. List the prime factors of c.
2
Suppose 5*p = 11 + 9. Let k(x) = 2*x**2 - 4*x - 5. Let y be k(p). Let w = y - 7. List the prime factors of w.
2
Let l = 248 - 3. Suppose -6*y + l = -y. List the prime factors of y.
7
Let b be 2/(1 - 8/10). Suppose 2*f - b = -4. List the prime factors of f.
3
Suppose -533 - 139 = -4*x. What are the prime factors of x?
2, 3, 7
Let g be 24/9*(-15)/(-2). Suppose g = -4*x, -3*f + 2*x + 15 = -7. What are the prime factors of 86/18 - f/(-18)?
5
Let b = 12 - 10. What are the prime factors of b?
2
Suppose -4*v - 2 = 14, -2*v - 13 = -w. Suppose -w*y = -3*y - 8. What are the prime factors of y?
2
Let z = -57 - -235. List the prime factors of z.
2, 89
Suppose 52 = -8*i + 6*i. Let m = 64 + i. What are the prime factors of m?
2, 19
Suppose -7*m = -2*m - 175. List the prime factors of m.
5, 7
List the prime factors of 0 + (1870/8 - (-1)/4).
2, 3, 13
Let w(y) be the third derivative of y**5/60 - y**4/4 - 2*y**3/3 - 2*y**2. Let k be w(7). Suppose k*b - 70 = -28. List the prime factors of b.
2, 7
Suppose -10 = -0*n - 2*n. Suppose -5*m = n*h + 10, 5*h + 7 = -4*m - 5. What are the prime factors of m?
2
What are the prime factors of (52/(-65))/((-1)/70)?
2, 7
Suppose 3 - 7 = -d. Suppose 0 = -0*z + d*z - 132. What are the prime factors of z?
3, 11
What are the prime factors of 5/(-20) - 2*(-634)/16?
79
Suppose -2*j + 5*k + 54 = 0, 0*j + 3*j + 3*k = 102. List the prime factors of j.
2
Let p(j) = -1 + 5*j + j + 6*j. What are the prime factors of p(1)?
11
Suppose l = 1 + 3. Suppose -k + 2*k = -l. List the prime factors of (-2)/k - 13/(-2).
7
Suppose 3*s - s - 20 = 0. Suppose -4 = -4*m + 5*l